{"id":248,"date":"2025-09-01T19:05:14","date_gmt":"2025-09-02T00:05:14","guid":{"rendered":"https:\/\/sandovalarmstrong.com\/es\/?post_type=custom-faq&#038;p=248"},"modified":"2025-11-18T16:03:08","modified_gmt":"2025-11-18T21:03:08","slug":"mi-reclamo-de-compensacion-laboral-contra-target-fue-negado","status":"publish","type":"custom-faq","link":"https:\/\/sandovalarmstrong.com\/es\/faq\/mi-reclamo-de-compensacion-laboral-contra-target-fue-negado\/","title":{"rendered":"\u00bfQu\u00e9 pasa si mi reclamo de compensaci\u00f3n laboral contra Target es denegado? \u00bfA\u00fan puedo demandar a mi empleador por negligencia?"},"content":{"rendered":"<div>\n<div>Si su reclamo por una lesi\u00f3n laboral en Target fue negado, todav\u00eda puede tener opciones legales. En Texas, muchas compa\u00f1\u00edas grandes, incluyendo a Target, pueden funcionar como no suscriptores, lo que significa que no participan en el sistema tradicional de compensaci\u00f3n laboral. Esto abre la posibilidad de que los trabajadores lesionados presenten una demanda por negligencia directamente contra la empresa si las condiciones inseguras de trabajo contribuyeron a la lesi\u00f3n.<\/div>\n<\/div>\n<div><img loading=\"lazy\" decoding=\"async\" class=\"aligncenter wp-image-249 size-full\" src=\"https:\/\/sandovalarmstrong.com\/es\/wp-content\/uploads\/sites\/2\/2025\/09\/mi-reclamo-de-compensacion-laboral-contra-target-fue-negado-img.jpg\" alt=\"\u00bfQu\u00e9 pasa si mi reclamo de compensaci\u00f3n laboral contra Target es denegado? \u00bfA\u00fan puedo demandar a mi empleador por negligencia?\" width=\"768\" height=\"512\" srcset=\"https:\/\/sandovalarmstrong.com\/es\/wp-content\/uploads\/sites\/2\/2025\/09\/mi-reclamo-de-compensacion-laboral-contra-target-fue-negado-img.jpg 768w, https:\/\/sandovalarmstrong.com\/es\/wp-content\/uploads\/sites\/2\/2025\/09\/mi-reclamo-de-compensacion-laboral-contra-target-fue-negado-img-300x200.jpg 300w\" sizes=\"auto, (max-width: 768px) 100vw, 768px\" \/><\/div>\n<div>\n<div><\/div>\n<\/div>\n<div>\n<div>En un caso de no suscriptor, usted puede buscar una gama m\u00e1s amplia de compensaci\u00f3n, como gastos m\u00e9dicos, salarios completos perdidos, dolor y sufrimiento, y da\u00f1os futuros. Sin embargo, compa\u00f1\u00edas como Target suelen contar con equipos legales fuertes que protegen sus intereses, lo que hace que estos casos sean un reto para los trabajadores lesionados.<\/div>\n<div><\/div>\n<\/div>\n<div>\n<div>Por eso es fundamental contar con un abogado con experiencia en lesiones laborales. En Sandoval Armstrong, PLLC, hemos representado a empleados en reclamos por lesiones laborales en Target en el Norte de Texas, asegur\u00e1ndonos de que los empleadores negligentes sean responsabilizados.<\/div>\n<div><\/div>\n<\/div>\n<div>\n<div>Aunque su reclamo interno haya sido negado, eso no significa que usted no tenga m\u00e1s opciones. Nuestro equipo legal revisar\u00e1 su caso, le explicar\u00e1 sus derechos y luchar\u00e1 por la compensaci\u00f3n que usted y su familia merecen.<\/div>\n<\/div>\n","protected":false},"featured_media":0,"parent":0,"menu_order":0,"template":"","meta":{"_acf_changed":false,"inline_featured_image":false,"_uag_custom_page_level_css":"","_genesis_hide_title":false,"_genesis_hide_breadcrumbs":false,"_genesis_hide_singular_image":false,"_genesis_hide_footer_widgets":false,"_genesis_custom_body_class":"","_genesis_custom_post_class":"","_genesis_layout":""},"class_list":{"0":"post-248","1":"custom-faq","2":"type-custom-faq","3":"status-publish","5":"faq-categories-target","6":"entry","7":"has-post-thumbnail"},"acf":[],"yoast_head":"<!-- This site is optimized with the Yoast SEO plugin v26.8 - https:\/\/yoast.com\/product\/yoast-seo-wordpress\/ -->\n<title>Mi reclamo de compensaci\u00f3n laboral contra Target fue negado - Sandoval &amp; Armstrong - Spanish<\/title>\n<meta name=\"description\" content=\"Si su reclamo por una lesi\u00f3n laboral en Target fue negado, todav\u00eda puede tener opciones legales. En Texas, muchas compa\u00f1\u00edas grandes...\" \/>\n<meta name=\"robots\" content=\"index, follow, max-snippet:-1, max-image-preview:large, max-video-preview:-1\" \/>\n<link rel=\"canonical\" href=\"https:\/\/sandovalarmstrong.com\/es\/faq\/mi-reclamo-de-compensacion-laboral-contra-target-fue-negado\/\" \/>\n<meta property=\"og:locale\" content=\"es_MX\" \/>\n<meta property=\"og:type\" content=\"article\" \/>\n<meta property=\"og:title\" content=\"Mi reclamo de compensaci\u00f3n laboral contra Target fue negado - Sandoval &amp; Armstrong - Spanish\" \/>\n<meta property=\"og:description\" content=\"Si su reclamo por una lesi\u00f3n laboral en Target fue negado, todav\u00eda puede tener opciones legales. En Texas, muchas compa\u00f1\u00edas grandes...\" \/>\n<meta property=\"og:url\" content=\"https:\/\/sandovalarmstrong.com\/es\/faq\/mi-reclamo-de-compensacion-laboral-contra-target-fue-negado\/\" \/>\n<meta property=\"og:site_name\" content=\"Sandoval &amp; Armstrong - Spanish\" \/>\n<meta property=\"article:modified_time\" content=\"2025-11-18T21:03:08+00:00\" \/>\n<meta property=\"og:image\" content=\"https:\/\/sandovalarmstrong.com\/es\/wp-content\/uploads\/sites\/2\/2025\/09\/mi-reclamo-de-compensacion-laboral-contra-target-fue-negado-img.jpg\" \/>\n\t<meta property=\"og:image:width\" content=\"768\" \/>\n\t<meta property=\"og:image:height\" content=\"512\" \/>\n\t<meta property=\"og:image:type\" content=\"image\/jpeg\" \/>\n<meta name=\"twitter:card\" content=\"summary_large_image\" \/>\n<meta name=\"twitter:label1\" content=\"Est. reading time\" \/>\n\t<meta name=\"twitter:data1\" content=\"2 minutos\" \/>\n<script type=\"application\/ld+json\" class=\"yoast-schema-graph\">{\"@context\":\"https:\/\/schema.org\",\"@graph\":[{\"@type\":\"WebPage\",\"@id\":\"https:\/\/sandovalarmstrong.com\/es\/faq\/mi-reclamo-de-compensacion-laboral-contra-target-fue-negado\/\",\"url\":\"https:\/\/sandovalarmstrong.com\/es\/faq\/mi-reclamo-de-compensacion-laboral-contra-target-fue-negado\/\",\"name\":\"Mi reclamo de compensaci\u00f3n laboral contra Target fue negado - Sandoval &amp; Armstrong - Spanish\",\"isPartOf\":{\"@id\":\"https:\/\/sandovalarmstrong.com\/es\/#website\"},\"primaryImageOfPage\":{\"@id\":\"https:\/\/sandovalarmstrong.com\/es\/faq\/mi-reclamo-de-compensacion-laboral-contra-target-fue-negado\/#primaryimage\"},\"image\":{\"@id\":\"https:\/\/sandovalarmstrong.com\/es\/faq\/mi-reclamo-de-compensacion-laboral-contra-target-fue-negado\/#primaryimage\"},\"thumbnailUrl\":\"https:\/\/sandovalarmstrong.com\/es\/wp-content\/uploads\/sites\/2\/2025\/09\/mi-reclamo-de-compensacion-laboral-contra-target-fue-negado-img.jpg\",\"datePublished\":\"2025-09-02T00:05:14+00:00\",\"dateModified\":\"2025-11-18T21:03:08+00:00\",\"description\":\"Si su reclamo por una lesi\u00f3n laboral en Target fue negado, todav\u00eda puede tener opciones legales. En Texas, muchas compa\u00f1\u00edas grandes...\",\"breadcrumb\":{\"@id\":\"https:\/\/sandovalarmstrong.com\/es\/faq\/mi-reclamo-de-compensacion-laboral-contra-target-fue-negado\/#breadcrumb\"},\"inLanguage\":\"es\",\"potentialAction\":[{\"@type\":\"ReadAction\",\"target\":[\"https:\/\/sandovalarmstrong.com\/es\/faq\/mi-reclamo-de-compensacion-laboral-contra-target-fue-negado\/\"]}]},{\"@type\":\"ImageObject\",\"inLanguage\":\"es\",\"@id\":\"https:\/\/sandovalarmstrong.com\/es\/faq\/mi-reclamo-de-compensacion-laboral-contra-target-fue-negado\/#primaryimage\",\"url\":\"https:\/\/sandovalarmstrong.com\/es\/wp-content\/uploads\/sites\/2\/2025\/09\/mi-reclamo-de-compensacion-laboral-contra-target-fue-negado-img.jpg\",\"contentUrl\":\"https:\/\/sandovalarmstrong.com\/es\/wp-content\/uploads\/sites\/2\/2025\/09\/mi-reclamo-de-compensacion-laboral-contra-target-fue-negado-img.jpg\",\"width\":768,\"height\":512,\"caption\":\"\u00bfQu\u00e9 pasa si mi reclamo de compensaci\u00f3n laboral contra Target es denegado? \u00bfA\u00fan puedo demandar a mi empleador por negligencia?\"},{\"@type\":\"BreadcrumbList\",\"@id\":\"https:\/\/sandovalarmstrong.com\/es\/faq\/mi-reclamo-de-compensacion-laboral-contra-target-fue-negado\/#breadcrumb\",\"itemListElement\":[{\"@type\":\"ListItem\",\"position\":1,\"name\":\"Inicio\",\"item\":\"https:\/\/sandovalarmstrong.com\/es\/\"},{\"@type\":\"ListItem\",\"position\":2,\"name\":\"\u00bfQu\u00e9 pasa si mi reclamo de compensaci\u00f3n laboral contra Target es denegado? \u00bfA\u00fan puedo demandar a mi empleador por negligencia?\"}]},{\"@type\":\"WebSite\",\"@id\":\"https:\/\/sandovalarmstrong.com\/es\/#website\",\"url\":\"https:\/\/sandovalarmstrong.com\/es\/\",\"name\":\"Sandoval &amp; Armstrong - Spanish\",\"description\":\"\",\"potentialAction\":[{\"@type\":\"SearchAction\",\"target\":{\"@type\":\"EntryPoint\",\"urlTemplate\":\"https:\/\/sandovalarmstrong.com\/es\/?s={search_term_string}\"},\"query-input\":{\"@type\":\"PropertyValueSpecification\",\"valueRequired\":true,\"valueName\":\"search_term_string\"}}],\"inLanguage\":\"es\"}]}<\/script>\n<!-- \/ Yoast SEO plugin. -->","yoast_head_json":{"title":"Mi reclamo de compensaci\u00f3n laboral contra Target fue negado - Sandoval &amp; Armstrong - Spanish","description":"Si su reclamo por una lesi\u00f3n laboral en Target fue negado, todav\u00eda puede tener opciones legales. En Texas, muchas compa\u00f1\u00edas grandes...","robots":{"index":"index","follow":"follow","max-snippet":"max-snippet:-1","max-image-preview":"max-image-preview:large","max-video-preview":"max-video-preview:-1"},"canonical":"https:\/\/sandovalarmstrong.com\/es\/faq\/mi-reclamo-de-compensacion-laboral-contra-target-fue-negado\/","og_locale":"es_MX","og_type":"article","og_title":"Mi reclamo de compensaci\u00f3n laboral contra Target fue negado - Sandoval &amp; Armstrong - Spanish","og_description":"Si su reclamo por una lesi\u00f3n laboral en Target fue negado, todav\u00eda puede tener opciones legales. En Texas, muchas compa\u00f1\u00edas grandes...","og_url":"https:\/\/sandovalarmstrong.com\/es\/faq\/mi-reclamo-de-compensacion-laboral-contra-target-fue-negado\/","og_site_name":"Sandoval &amp; Armstrong - Spanish","article_modified_time":"2025-11-18T21:03:08+00:00","og_image":[{"width":768,"height":512,"url":"https:\/\/sandovalarmstrong.com\/es\/wp-content\/uploads\/sites\/2\/2025\/09\/mi-reclamo-de-compensacion-laboral-contra-target-fue-negado-img.jpg","type":"image\/jpeg"}],"twitter_card":"summary_large_image","twitter_misc":{"Est. reading time":"2 minutos"},"schema":{"@context":"https:\/\/schema.org","@graph":[{"@type":"WebPage","@id":"https:\/\/sandovalarmstrong.com\/es\/faq\/mi-reclamo-de-compensacion-laboral-contra-target-fue-negado\/","url":"https:\/\/sandovalarmstrong.com\/es\/faq\/mi-reclamo-de-compensacion-laboral-contra-target-fue-negado\/","name":"Mi reclamo de compensaci\u00f3n laboral contra Target fue negado - Sandoval &amp; Armstrong - Spanish","isPartOf":{"@id":"https:\/\/sandovalarmstrong.com\/es\/#website"},"primaryImageOfPage":{"@id":"https:\/\/sandovalarmstrong.com\/es\/faq\/mi-reclamo-de-compensacion-laboral-contra-target-fue-negado\/#primaryimage"},"image":{"@id":"https:\/\/sandovalarmstrong.com\/es\/faq\/mi-reclamo-de-compensacion-laboral-contra-target-fue-negado\/#primaryimage"},"thumbnailUrl":"https:\/\/sandovalarmstrong.com\/es\/wp-content\/uploads\/sites\/2\/2025\/09\/mi-reclamo-de-compensacion-laboral-contra-target-fue-negado-img.jpg","datePublished":"2025-09-02T00:05:14+00:00","dateModified":"2025-11-18T21:03:08+00:00","description":"Si su reclamo por una lesi\u00f3n laboral en Target fue negado, todav\u00eda puede tener opciones legales. En Texas, muchas compa\u00f1\u00edas grandes...","breadcrumb":{"@id":"https:\/\/sandovalarmstrong.com\/es\/faq\/mi-reclamo-de-compensacion-laboral-contra-target-fue-negado\/#breadcrumb"},"inLanguage":"es","potentialAction":[{"@type":"ReadAction","target":["https:\/\/sandovalarmstrong.com\/es\/faq\/mi-reclamo-de-compensacion-laboral-contra-target-fue-negado\/"]}]},{"@type":"ImageObject","inLanguage":"es","@id":"https:\/\/sandovalarmstrong.com\/es\/faq\/mi-reclamo-de-compensacion-laboral-contra-target-fue-negado\/#primaryimage","url":"https:\/\/sandovalarmstrong.com\/es\/wp-content\/uploads\/sites\/2\/2025\/09\/mi-reclamo-de-compensacion-laboral-contra-target-fue-negado-img.jpg","contentUrl":"https:\/\/sandovalarmstrong.com\/es\/wp-content\/uploads\/sites\/2\/2025\/09\/mi-reclamo-de-compensacion-laboral-contra-target-fue-negado-img.jpg","width":768,"height":512,"caption":"\u00bfQu\u00e9 pasa si mi reclamo de compensaci\u00f3n laboral contra Target es denegado? \u00bfA\u00fan puedo demandar a mi empleador por negligencia?"},{"@type":"BreadcrumbList","@id":"https:\/\/sandovalarmstrong.com\/es\/faq\/mi-reclamo-de-compensacion-laboral-contra-target-fue-negado\/#breadcrumb","itemListElement":[{"@type":"ListItem","position":1,"name":"Inicio","item":"https:\/\/sandovalarmstrong.com\/es\/"},{"@type":"ListItem","position":2,"name":"\u00bfQu\u00e9 pasa si mi reclamo de compensaci\u00f3n laboral contra Target es denegado? \u00bfA\u00fan puedo demandar a mi empleador por negligencia?"}]},{"@type":"WebSite","@id":"https:\/\/sandovalarmstrong.com\/es\/#website","url":"https:\/\/sandovalarmstrong.com\/es\/","name":"Sandoval &amp; Armstrong - Spanish","description":"","potentialAction":[{"@type":"SearchAction","target":{"@type":"EntryPoint","urlTemplate":"https:\/\/sandovalarmstrong.com\/es\/?s={search_term_string}"},"query-input":{"@type":"PropertyValueSpecification","valueRequired":true,"valueName":"search_term_string"}}],"inLanguage":"es"}]}},"uagb_featured_image_src":{"full":false,"thumbnail":false,"medium":false,"medium_large":false,"large":false,"1536x1536":false,"2048x2048":false,"gform-image-choice-sm":false,"gform-image-choice-md":false,"gform-image-choice-lg":false},"uagb_author_info":{"display_name":"sandovalarmstr","author_link":"https:\/\/sandovalarmstrong.com\/es\/author\/"},"uagb_comment_info":0,"uagb_excerpt":"Si su reclamo de compensaci\u00f3n laboral contra Target fue denegado, a\u00fan puede demandar por negligencia; en Sandoval Armstrong, PLLC, le ayudamos a explorar sus opciones legales y a obtener la compensaci\u00f3n que merece.","_links":{"self":[{"href":"https:\/\/sandovalarmstrong.com\/es\/wp-json\/wp\/v2\/custom-faq\/248","targetHints":{"allow":["GET"]}}],"collection":[{"href":"https:\/\/sandovalarmstrong.com\/es\/wp-json\/wp\/v2\/custom-faq"}],"about":[{"href":"https:\/\/sandovalarmstrong.com\/es\/wp-json\/wp\/v2\/types\/custom-faq"}],"wp:attachment":[{"href":"https:\/\/sandovalarmstrong.com\/es\/wp-json\/wp\/v2\/media?parent=248"}],"curies":[{"name":"wp","href":"https:\/\/api.w.org\/{rel}","templated":true}]}}

¿Qué pasa si mi reclamo de compensación laboral contra Target es denegado? ¿Aún puedo demandar a mi empleador por negligencia?

<div>
<div>Si su reclamo por una lesión laboral en Target fue negado, todavía puede tener opciones legales. En Texas, muchas compañías grandes, incluyendo a Target, pueden funcionar como no suscriptores, lo que significa que no participan en el sistema tradicional de compensación laboral. Esto abre la posibilidad de que los trabajadores lesionados presenten una demanda por negligencia directamente contra la empresa si las condiciones inseguras de trabajo contribuyeron a la lesión.</div>
</div>
<div><img loading="lazy" decoding="async" class="aligncenter wp-image-249 size-full" src="https://sandovalarmstrong.com/es/wp-content/uploads/sites/2/2025/09/mi-reclamo-de-compensacion-laboral-contra-target-fue-negado-img.jpg" alt="¿Qué pasa si mi reclamo de compensación laboral contra Target es denegado? ¿Aún puedo demandar a mi empleador por negligencia?" width="768" height="512" srcset="https://sandovalarmstrong.com/es/wp-content/uploads/sites/2/2025/09/mi-reclamo-de-compensacion-laboral-contra-target-fue-negado-img.jpg 768w, https://sandovalarmstrong.com/es/wp-content/uploads/sites/2/2025/09/mi-reclamo-de-compensacion-laboral-contra-target-fue-negado-img-300x200.jpg 300w" sizes="auto, (max-width: 768px) 100vw, 768px" /></div>
<div>
<div></div>
</div>
<div>
<div>En un caso de no suscriptor, usted puede buscar una gama más amplia de compensación, como gastos médicos, salarios completos perdidos, dolor y sufrimiento, y daños futuros. Sin embargo, compañías como Target suelen contar con equipos legales fuertes que protegen sus intereses, lo que hace que estos casos sean un reto para los trabajadores lesionados.</div>
<div></div>
</div>
<div>
<div>Por eso es fundamental contar con un abogado con experiencia en lesiones laborales. En Sandoval Armstrong, PLLC, hemos representado a empleados en reclamos por lesiones laborales en Target en el Norte de Texas, asegurándonos de que los empleadores negligentes sean responsabilizados.</div>
<div></div>
</div>
<div>
<div>Aunque su reclamo interno haya sido negado, eso no significa que usted no tenga más opciones. Nuestro equipo legal revisará su caso, le explicará sus derechos y luchará por la compensación que usted y su familia merecen.</div>
</div>

<!-- This site is optimized with the Yoast SEO plugin v26.8 - https://yoast.com/product/yoast-seo-wordpress/ -->
<title>Mi reclamo de compensación laboral contra Target fue negado - Sandoval &amp; Armstrong - Spanish</title>
<meta name="description" content="Si su reclamo por una lesión laboral en Target fue negado, todavía puede tener opciones legales. En Texas, muchas compañías grandes..." />
<meta name="robots" content="index, follow, max-snippet:-1, max-image-preview:large, max-video-preview:-1" />
<link rel="canonical" href="https://sandovalarmstrong.com/es/faq/mi-reclamo-de-compensacion-laboral-contra-target-fue-negado/" />
<meta property="og:locale" content="es_MX" />
<meta property="og:type" content="article" />
<meta property="og:title" content="Mi reclamo de compensación laboral contra Target fue negado - Sandoval &amp; Armstrong - Spanish" />
<meta property="og:description" content="Si su reclamo por una lesión laboral en Target fue negado, todavía puede tener opciones legales. En Texas, muchas compañías grandes..." />
<meta property="og:url" content="https://sandovalarmstrong.com/es/faq/mi-reclamo-de-compensacion-laboral-contra-target-fue-negado/" />
<meta property="og:site_name" content="Sandoval &amp; Armstrong - Spanish" />
<meta property="article:modified_time" content="2025-11-18T21:03:08+00:00" />
<meta property="og:image" content="https://sandovalarmstrong.com/es/wp-content/uploads/sites/2/2025/09/mi-reclamo-de-compensacion-laboral-contra-target-fue-negado-img.jpg" />
	<meta property="og:image:width" content="768" />
	<meta property="og:image:height" content="512" />
	<meta property="og:image:type" content="image/jpeg" />
<meta name="twitter:card" content="summary_large_image" />
<meta name="twitter:label1" content="Est. reading time" />
	<meta name="twitter:data1" content="2 minutos" />
<script type="application/ld+json" class="yoast-schema-graph">{"@context":"https://schema.org","@graph":[{"@type":"WebPage","@id":"https://sandovalarmstrong.com/es/faq/mi-reclamo-de-compensacion-laboral-contra-target-fue-negado/","url":"https://sandovalarmstrong.com/es/faq/mi-reclamo-de-compensacion-laboral-contra-target-fue-negado/","name":"Mi reclamo de compensación laboral contra Target fue negado - Sandoval &amp; Armstrong - Spanish","isPartOf":{"@id":"https://sandovalarmstrong.com/es/#website"},"primaryImageOfPage":{"@id":"https://sandovalarmstrong.com/es/faq/mi-reclamo-de-compensacion-laboral-contra-target-fue-negado/#primaryimage"},"image":{"@id":"https://sandovalarmstrong.com/es/faq/mi-reclamo-de-compensacion-laboral-contra-target-fue-negado/#primaryimage"},"thumbnailUrl":"https://sandovalarmstrong.com/es/wp-content/uploads/sites/2/2025/09/mi-reclamo-de-compensacion-laboral-contra-target-fue-negado-img.jpg","datePublished":"2025-09-02T00:05:14+00:00","dateModified":"2025-11-18T21:03:08+00:00","description":"Si su reclamo por una lesión laboral en Target fue negado, todavía puede tener opciones legales. En Texas, muchas compañías grandes...","breadcrumb":{"@id":"https://sandovalarmstrong.com/es/faq/mi-reclamo-de-compensacion-laboral-contra-target-fue-negado/#breadcrumb"},"inLanguage":"es","potentialAction":[{"@type":"ReadAction","target":["https://sandovalarmstrong.com/es/faq/mi-reclamo-de-compensacion-laboral-contra-target-fue-negado/"]}]},{"@type":"ImageObject","inLanguage":"es","@id":"https://sandovalarmstrong.com/es/faq/mi-reclamo-de-compensacion-laboral-contra-target-fue-negado/#primaryimage","url":"https://sandovalarmstrong.com/es/wp-content/uploads/sites/2/2025/09/mi-reclamo-de-compensacion-laboral-contra-target-fue-negado-img.jpg","contentUrl":"https://sandovalarmstrong.com/es/wp-content/uploads/sites/2/2025/09/mi-reclamo-de-compensacion-laboral-contra-target-fue-negado-img.jpg","width":768,"height":512,"caption":"¿Qué pasa si mi reclamo de compensación laboral contra Target es denegado? ¿Aún puedo demandar a mi empleador por negligencia?"},{"@type":"BreadcrumbList","@id":"https://sandovalarmstrong.com/es/faq/mi-reclamo-de-compensacion-laboral-contra-target-fue-negado/#breadcrumb","itemListElement":[{"@type":"ListItem","position":1,"name":"Inicio","item":"https://sandovalarmstrong.com/es/"},{"@type":"ListItem","position":2,"name":"¿Qué pasa si mi reclamo de compensación laboral contra Target es denegado? ¿Aún puedo demandar a mi empleador por negligencia?"}]},{"@type":"WebSite","@id":"https://sandovalarmstrong.com/es/#website","url":"https://sandovalarmstrong.com/es/","name":"Sandoval &amp; Armstrong - Spanish","description":"","potentialAction":[{"@type":"SearchAction","target":{"@type":"EntryPoint","urlTemplate":"https://sandovalarmstrong.com/es/?s={search_term_string}"},"query-input":{"@type":"PropertyValueSpecification","valueRequired":true,"valueName":"search_term_string"}}],"inLanguage":"es"}]}</script>
<!-- / Yoast SEO plugin. -->

Mi reclamo de compensación laboral contra Target fue negado - Sandoval &amp; Armstrong - Spanish

Si su reclamo por una lesión laboral en Target fue negado, todavía puede tener opciones legales. En Texas, muchas compañías grandes...

Si su reclamo de compensación laboral contra Target fue denegado, aún puede demandar por negligencia; en Sandoval Armstrong, PLLC, le ayudamos a explorar sus opciones legales y a obtener la compensación que merece.
